{"id":505,"date":"2017-02-16T13:25:32","date_gmt":"2017-02-16T04:25:32","guid":{"rendered":"http:\/\/www.isi-education.com\/pt\/los-graduados-jose-ramon-pastor-de-arevalo\/"},"modified":"2023-07-19T14:51:03","modified_gmt":"2023-07-19T05:51:03","slug":"pastor-de-arevalo-jose-romon","status":"publish","type":"page","link":"https:\/\/www.isi-education.com\/pt\/support\/graduate\/Pastor-De-Arevalo-Jose-Romon\/","title":{"rendered":"Os graduados: Jos\u00e9 Ram\u00f3n Pastor De Ar\u00e9valo"},"content":{"rendered":"","protected":false},"excerpt":{"rendered":"","protected":false},"author":44,"featured_media":0,"parent":502,"menu_order":201,"comment_status":"closed","ping_status":"closed","template":"template-people-single.php","meta":{"_acf_changed":false,"footnotes":""},"class_list":["post-505","page","type-page","status-publish","hentry"],"acf":[],"aioseo_notices":[],"_links":{"self":[{"href":"https:\/\/www.isi-education.com\/pt\/wp-json\/wp\/v2\/pages\/505","targetHints":{"allow":["GET"]}}],"collection":[{"href":"https:\/\/www.isi-education.com\/pt\/wp-json\/wp\/v2\/pages"}],"about":[{"href":"https:\/\/www.isi-education.com\/pt\/wp-json\/wp\/v2\/types\/page"}],"author":[{"embeddable":true,"href":"https:\/\/www.isi-education.com\/pt\/wp-json\/wp\/v2\/users\/44"}],"replies":[{"embeddable":true,"href":"https:\/\/www.isi-education.com\/pt\/wp-json\/wp\/v2\/comments?post=505"}],"version-history":[{"count":5,"href":"https:\/\/www.isi-education.com\/pt\/wp-json\/wp\/v2\/pages\/505\/revisions"}],"predecessor-version":[{"id":2199,"href":"https:\/\/www.isi-education.com\/pt\/wp-json\/wp\/v2\/pages\/505\/revisions\/2199"}],"up":[{"embeddable":true,"href":"https:\/\/www.isi-education.com\/pt\/wp-json\/wp\/v2\/pages\/502"}],"wp:attachment":[{"href":"https:\/\/www.isi-education.com\/pt\/wp-json\/wp\/v2\/media?parent=505"}],"curies":[{"name":"wp","href":"https:\/\/api.w.org\/{rel}","templated":true}]}}

Os graduados: José Ramón Pastor De Arévalo
