{"id":548,"date":"2017-03-09T23:28:11","date_gmt":"2017-03-09T14:28:11","guid":{"rendered":"http:\/\/www.isi-education.com\/fr\/copy-of-voice-from-jose-ramon-pastor-de-arevalo\/"},"modified":"2023-07-19T15:55:22","modified_gmt":"2023-07-19T06:55:22","slug":"pastor-de-arevalo-jose-romonpastor-de-arevalo-jose-romon","status":"publish","type":"page","link":"https:\/\/www.isi-education.com\/fr\/support\/graduate\/Pastor-De-Arevalo-Jose-Romon\/","title":{"rendered":"T\u00e9moignage des dipl\u00f4m\u00e9s: Jos\u00e9 Ram\u00f3n Pastor de Ar\u00e9valo"},"content":{"rendered":"","protected":false},"excerpt":{"rendered":"","protected":false},"author":44,"featured_media":0,"parent":541,"menu_order":201,"comment_status":"closed","ping_status":"closed","template":"template-people-single.php","meta":{"_acf_changed":false,"footnotes":""},"class_list":["post-548","page","type-page","status-publish","hentry"],"acf":[],"aioseo_notices":[],"_links":{"self":[{"href":"https:\/\/www.isi-education.com\/fr\/wp-json\/wp\/v2\/pages\/548","targetHints":{"allow":["GET"]}}],"collection":[{"href":"https:\/\/www.isi-education.com\/fr\/wp-json\/wp\/v2\/pages"}],"about":[{"href":"https:\/\/www.isi-education.com\/fr\/wp-json\/wp\/v2\/types\/page"}],"author":[{"embeddable":true,"href":"https:\/\/www.isi-education.com\/fr\/wp-json\/wp\/v2\/users\/44"}],"replies":[{"embeddable":true,"href":"https:\/\/www.isi-education.com\/fr\/wp-json\/wp\/v2\/comments?post=548"}],"version-history":[{"count":4,"href":"https:\/\/www.isi-education.com\/fr\/wp-json\/wp\/v2\/pages\/548\/revisions"}],"predecessor-version":[{"id":1174,"href":"https:\/\/www.isi-education.com\/fr\/wp-json\/wp\/v2\/pages\/548\/revisions\/1174"}],"up":[{"embeddable":true,"href":"https:\/\/www.isi-education.com\/fr\/wp-json\/wp\/v2\/pages\/541"}],"wp:attachment":[{"href":"https:\/\/www.isi-education.com\/fr\/wp-json\/wp\/v2\/media?parent=548"}],"curies":[{"name":"wp","href":"https:\/\/api.w.org\/{rel}","templated":true}]}}

Témoignage des diplômés: José Ramón Pastor de Arévalo
